{"id":11,"date":"2025-12-23T13:58:19","date_gmt":"2025-12-23T12:58:19","guid":{"rendered":"https:\/\/wp-huficam.itools.de\/?page_id=11"},"modified":"2025-12-29T13:37:01","modified_gmt":"2025-12-29T12:37:01","slug":"grosse-hufeisennase","status":"publish","type":"page","link":"https:\/\/wp-huficam.itools.de\/","title":{"rendered":"Gro\u00dfe Hufeisennase"},"content":{"rendered":"\n<div class=\"wp-block-group alignfull has-global-padding is-layout-constrained wp-container-core-group-is-layout-0c9c989a wp-block-group-is-layout-constrained\" style=\"min-height:0vh;margin-top:0;margin-bottom:0;padding-top:var(--wp--preset--spacing--70);padding-right:var(--wp--preset--spacing--40);padding-bottom:var(--wp--preset--spacing--70);padding-left:var(--wp--preset--spacing--40)\">\n<div class=\"wp-block-group has-global-padding is-layout-constrained wp-container-core-group-is-layout-346627ba wp-block-group-is-layout-constrained\">\n<h2 class=\"wp-block-heading has-text-align-center has-xx-large-font-size\" style=\"margin-right:0;margin-left:0;padding-right:0;padding-left:0\">Beobachtungen einer seltenen Fledermausart<\/h2>\n\n\n\n<p class=\"has-text-align-center\">Der LBV betreut ein Fledermaushaus in Hohenburg in der Oberpfalz, in dem eine gro\u00dfe Wochenstube der Gro\u00dfen Hufeisennase (Rhinolophus ferrumequinum) ist. Mehrere Webcams sind \u00f6ffentlich zug\u00e4nglich. Auf dieser Website werden Videostreams dieser Webcams in Zeitraffer-Clips gesammelt.<\/p>\n\n\n\n<div class=\"wp-block-buttons is-content-justification-center is-layout-flex wp-container-core-buttons-is-layout-a89b3969 wp-block-buttons-is-layout-flex\">\n<div class=\"wp-block-button\"><a class=\"wp-block-button__link wp-element-button\">Weitere Informationen<\/a><\/div>\n<\/div>\n<\/div>\n<\/div>\n\n\n\n<div class=\"wp-block-group alignfull is-style-section-1 has-global-padding is-layout-constrained wp-block-group-is-layout-constrained is-style-section-1--1\" style=\"margin-top:0;margin-bottom:0;padding-top:var(--wp--preset--spacing--80);padding-bottom:var(--wp--preset--spacing--80)\">\n<div class=\"wp-block-columns alignwide is-layout-flex wp-container-core-columns-is-layout-66fad18a wp-block-columns-is-layout-flex\">\n<div class=\"wp-block-column is-layout-flow wp-block-column-is-layout-flow\" style=\"padding-right:var(--wp--preset--spacing--50);flex-basis:45%\">\n<div class=\"wp-block-group has-global-padding is-layout-constrained wp-block-group-is-layout-constrained\" style=\"margin-top:-12vw\"><\/div>\n\n\n\n<figure class=\"wp-block-video\"><video height=\"720\" style=\"aspect-ratio: 1280 \/ 720;\" width=\"1280\" controls src=\"https:\/\/wp-huficam.itools.de\/wp-content\/uploads\/2025\/12\/20251229_Bewegung-im-Keller.mp4\"><\/video><\/figure>\n<\/div>\n\n\n\n<div class=\"wp-block-column is-vertically-aligned-center is-layout-flow wp-block-column-is-layout-flow\" style=\"padding-right:0;padding-left:0;flex-basis:50%\">\n<div class=\"wp-block-group is-vertical is-layout-flex wp-container-core-group-is-layout-fe9cc265 wp-block-group-is-layout-flex\">\n<h2 class=\"wp-block-heading is-style-text-annotation is-style-text-annotation--2\">\u00dcber uns<\/h2>\n<\/div>\n\n\n\n<p class=\"is-style-text-subtitle is-style-text-subtitle--3\">Hier ist ein Zeitraffer-Clip, der eine sehr aktive Phase im Keller zeigt. Die meiste Zeit verbringen die Hufis den Winter hier, indem sie im Tiefschlaf an der Decke h\u00e4ngen und m\u00f6glichst wenig Energie verbrauchen. Es gibt aber immer wieder Phasen, in denen eine oder mehrere Tiere wach sind, sich putzen, die Position wechseln oder auch interagieren.<\/p>\n<\/div>\n<\/div>\n<\/div>\n","protected":false},"excerpt":{"rendered":"<p>Beobachtungen einer seltenen Fledermausart Der LBV betreut ein Fledermaushaus in Hohenburg in der Oberpfalz, in dem eine gro\u00dfe Wochenstube der Gro\u00dfen Hufeisennase (Rhinolophus ferrumequinum) ist. Mehrere Webcams sind \u00f6ffentlich zug\u00e4nglich. Auf dieser Website werden Videostreams dieser Webcams in Zeitraffer-Clips gesammelt. \u00dcber uns Hier ist ein Zeitraffer-Clip, der eine sehr aktive Phase im Keller zeigt. Die [&hellip;]<\/p>\n","protected":false},"author":1,"featured_media":0,"parent":0,"menu_order":0,"comment_status":"closed","ping_status":"closed","template":"","meta":{"footnotes":""},"class_list":["post-11","page","type-page","status-publish","hentry"],"_links":{"self":[{"href":"https:\/\/wp-huficam.itools.de\/index.php?rest_route=\/wp\/v2\/pages\/11","targetHints":{"allow":["GET"]}}],"collection":[{"href":"https:\/\/wp-huficam.itools.de\/index.php?rest_route=\/wp\/v2\/pages"}],"about":[{"href":"https:\/\/wp-huficam.itools.de\/index.php?rest_route=\/wp\/v2\/types\/page"}],"author":[{"embeddable":true,"href":"https:\/\/wp-huficam.itools.de\/index.php?rest_route=\/wp\/v2\/users\/1"}],"replies":[{"embeddable":true,"href":"https:\/\/wp-huficam.itools.de\/index.php?rest_route=%2Fwp%2Fv2%2Fcomments&post=11"}],"version-history":[{"count":7,"href":"https:\/\/wp-huficam.itools.de\/index.php?rest_route=\/wp\/v2\/pages\/11\/revisions"}],"predecessor-version":[{"id":25,"href":"https:\/\/wp-huficam.itools.de\/index.php?rest_route=\/wp\/v2\/pages\/11\/revisions\/25"}],"wp:attachment":[{"href":"https:\/\/wp-huficam.itools.de\/index.php?rest_route=%2Fwp%2Fv2%2Fmedia&parent=11"}],"curies":[{"name":"wp","href":"https:\/\/api.w.org\/{rel}","templated":true}]}}